[INFO] cloning repository https://github.com/tkiapril/rust-irc-bot
[INFO] running `Command { std: "git" "-c" "credential.helper=" "-c" "credential.helper=/workspace/cargo-home/bin/git-credential-null" "clone" "--bare" "https://github.com/tkiapril/rust-irc-bot" "/workspace/cache/git-repos/https%3A%2F%2Fgithub.com%2Ftkiapril%2Frust-irc-bot", kill_on_drop: false }`
[INFO] [stderr] Cloning into bare repository '/workspace/cache/git-repos/https%3A%2F%2Fgithub.com%2Ftkiapril%2Frust-irc-bot'...
[INFO] running `Command { std: "git" "rev-parse" "HEAD", kill_on_drop: false }`
[INFO] [stdout] 35863b34840b22fa285d368d44fcfa932be86507
[INFO] building tkiapril/rust-irc-bot against master#ff34b919075f35a1787659e9c448a34b06bab8de for issue-85264
[INFO] running `Command { std: "git" "clone" "/workspace/cache/git-repos/https%3A%2F%2Fgithub.com%2Ftkiapril%2Frust-irc-bot" "/workspace/builds/worker-5/source", kill_on_drop: false }`
[INFO] [stderr] Cloning into '/workspace/builds/worker-5/source'...
[INFO] [stderr] done.
[INFO] validating manifest of git repo https://github.com/tkiapril/rust-irc-bot on toolchain ff34b919075f35a1787659e9c448a34b06bab8de
[INFO] running `Command { std: "/workspace/cargo-home/bin/cargo" "+ff34b919075f35a1787659e9c448a34b06bab8de" "metadata" "--manifest-path" "Cargo.toml" "--no-deps", kill_on_drop: false }`
[INFO] started tweaking git repo https://github.com/tkiapril/rust-irc-bot
[INFO] finished tweaking git repo https://github.com/tkiapril/rust-irc-bot
[INFO] tweaked toml for git repo https://github.com/tkiapril/rust-irc-bot written to /workspace/builds/worker-5/source/Cargo.toml
[INFO] crate git repo https://github.com/tkiapril/rust-irc-bot already has a lockfile, it will not be regenerated
[INFO] running `Command { std: "/workspace/cargo-home/bin/cargo" "+ff34b919075f35a1787659e9c448a34b06bab8de" "fetch" "--manifest-path" "Cargo.toml", kill_on_drop: false }`
[INFO] [stderr]     Blocking waiting for file lock on package cache
[INFO] running `Command { std: "docker" "create" "-v" "/var/lib/crater-agent-workspace/builds/worker-5/target:/opt/rustwide/target:rw,Z" "-v" "/var/lib/crater-agent-workspace/builds/worker-5/source:/opt/rustwide/workdir:ro,Z" "-v" "/var/lib/crater-agent-workspace/cargo-home:/opt/rustwide/cargo-home:ro,Z" "-v" "/var/lib/crater-agent-workspace/rustup-home:/opt/rustwide/rustup-home:ro,Z" "-e" "SOURCE_DIR=/opt/rustwide/workdir" "-e" "CARGO_TARGET_DIR=/opt/rustwide/target" "-e" "CARGO_HOME=/opt/rustwide/cargo-home" "-e" "RUSTUP_HOME=/opt/rustwide/rustup-home" "-w" "/opt/rustwide/workdir" "-m" "1610612736" "--user" "0:0" "--network" "none" "ghcr.io/rust-lang/crates-build-env/linux@sha256:20528e8c29e4536546f0102ce88568b16ea7538393a33fcca951030f7af10457" "/opt/rustwide/cargo-home/bin/cargo" "+ff34b919075f35a1787659e9c448a34b06bab8de" "metadata" "--no-deps" "--format-version=1", kill_on_drop: false }`
[INFO] [stdout] 1f83308ef4bc4d268329055e0348bb35e85478460a6acf44f4b846c7ad11fc1b
[INFO] [stderr] WARNING: Your kernel does not support swap limit capabilities or the cgroup is not mounted. Memory limited without swap.
[INFO] running `Command { std: "docker" "start" "-a" "1f83308ef4bc4d268329055e0348bb35e85478460a6acf44f4b846c7ad11fc1b", kill_on_drop: false }`
[INFO] running `Command { std: "docker" "inspect" "1f83308ef4bc4d268329055e0348bb35e85478460a6acf44f4b846c7ad11fc1b", kill_on_drop: false }`
[INFO] running `Command { std: "docker" "rm" "-f" "1f83308ef4bc4d268329055e0348bb35e85478460a6acf44f4b846c7ad11fc1b", kill_on_drop: false }`
[INFO] [stdout] 1f83308ef4bc4d268329055e0348bb35e85478460a6acf44f4b846c7ad11fc1b
[INFO] running `Command { std: "docker" "create" "-v" "/var/lib/crater-agent-workspace/builds/worker-5/target:/opt/rustwide/target:rw,Z" "-v" "/var/lib/crater-agent-workspace/builds/worker-5/source:/opt/rustwide/workdir:ro,Z" "-v" "/var/lib/crater-agent-workspace/cargo-home:/opt/rustwide/cargo-home:ro,Z" "-v" "/var/lib/crater-agent-workspace/rustup-home:/opt/rustwide/rustup-home:ro,Z" "-e" "SOURCE_DIR=/opt/rustwide/workdir" "-e" "CARGO_TARGET_DIR=/opt/rustwide/target" "-e" "CARGO_INCREMENTAL=0" "-e" "RUST_BACKTRACE=full" "-e" "RUSTFLAGS=--cap-lints=forbid" "-e" "CARGO_HOME=/opt/rustwide/cargo-home" "-e" "RUSTUP_HOME=/opt/rustwide/rustup-home" "-w" "/opt/rustwide/workdir" "-m" "1610612736" "--user" "0:0" "--network" "none" "ghcr.io/rust-lang/crates-build-env/linux@sha256:20528e8c29e4536546f0102ce88568b16ea7538393a33fcca951030f7af10457" "/opt/rustwide/cargo-home/bin/cargo" "+ff34b919075f35a1787659e9c448a34b06bab8de" "build" "--frozen" "--message-format=json", kill_on_drop: false }`
[INFO] [stdout] 8434dea4836cc072ff97345c65fead1831a33775d2018102f9af2fa2335f4af4
[INFO] [stderr] WARNING: Your kernel does not support swap limit capabilities or the cgroup is not mounted. Memory limited without swap.
[INFO] running `Command { std: "docker" "start" "-a" "8434dea4836cc072ff97345c65fead1831a33775d2018102f9af2fa2335f4af4", kill_on_drop: false }`
[INFO] [stderr]    Compiling winapi-build v0.1.1
[INFO] [stderr]    Compiling rustc-serialize v0.3.19
[INFO] [stderr]    Compiling log v0.3.6
[INFO] [stderr]    Compiling pkg-config v0.3.8
[INFO] [stderr]    Compiling encoding_index_tests v0.1.4
[INFO] [stderr]    Compiling bitflags v0.7.0
[INFO] [stderr]    Compiling libc v0.1.12
[INFO] [stderr]    Compiling lazy_static v0.2.1
[INFO] [stderr]    Compiling linked-hash-map v0.0.9
[INFO] [stderr]    Compiling byteorder v0.5.2
[INFO] [stderr]    Compiling scan_fmt v0.1.1
[INFO] [stderr]    Compiling bufstream v0.1.2
[INFO] [stderr]    Compiling rand v0.3.14
[INFO] [stderr]    Compiling rust-crypto v0.2.36
[INFO] [stderr]    Compiling openssl-sys-extras v0.7.13
[INFO] [stderr]    Compiling openssl v0.7.13
[INFO] [stderr]    Compiling encoding-index-japanese v1.20141219.5
[INFO] [stderr]    Compiling encoding-index-simpchinese v1.20141219.5
[INFO] [stderr]    Compiling encoding-index-tradchinese v1.20141219.5
[INFO] [stderr]    Compiling encoding-index-korean v1.20141219.5
[INFO] [stdout] error[E0642]: patterns aren't allowed in functions without bodies
[INFO] [stdout]    --> /opt/rustwide/cargo-home/registry/src/github.com-1ecc6299db9ec823/rustc-serialize-0.3.19/src/serialize.rs:147:45
[INFO] [stdout]     |
[INFO] [stdout] 147 | ...                   &f_name: &str,
[INFO] [stdout]     |                       ^^^^^^^ pattern not allowed in function without body
[INFO] [stdout] 
[INFO] [stdout] 
[INFO] [stderr]    Compiling encoding-index-singlebyte v1.20141219.5
[INFO] [stderr]    Compiling kernel32-sys v0.2.2
[INFO] [stderr]    Compiling openssl-sys v0.7.13
[INFO] [stderr]    Compiling encoding v0.2.32
[INFO] [stderr]    Compiling term v0.2.14
[INFO] [stderr]    Compiling time v0.1.35
[INFO] [stderr] error: failed to run custom build command for `openssl-sys-extras v0.7.13`
[INFO] [stderr] 
[INFO] [stderr] Caused by:
[INFO] [stderr]   process didn't exit successfully: `/opt/rustwide/target/debug/build/openssl-sys-extras-24f4912ba6694e10/build-script-build` (exit status: 101)
[INFO] [stderr]   --- stdout
[INFO] [stderr]   TARGET = Some("x86_64-unknown-linux-gnu")
[INFO] [stderr]   OPT_LEVEL = Some("0")
[INFO] [stderr]   PROFILE = Some("debug")
[INFO] [stderr]   TARGET = Some("x86_64-unknown-linux-gnu")
[INFO] [stderr]   debug=true opt-level=0
[INFO] [stderr]   HOST = Some("x86_64-unknown-linux-gnu")
[INFO] [stderr]   TARGET = Some("x86_64-unknown-linux-gnu")
[INFO] [stderr]   TARGET = Some("x86_64-unknown-linux-gnu")
[INFO] [stderr]   HOST = Some("x86_64-unknown-linux-gnu")
[INFO] [stderr]   CC_x86_64-unknown-linux-gnu = None
[INFO] [stderr]   CC_x86_64_unknown_linux_gnu = None
[INFO] [stderr]   HOST_CC = None
[INFO] [stderr]   CC = None
[INFO] [stderr]   HOST = Some("x86_64-unknown-linux-gnu")
[INFO] [stderr]   TARGET = Some("x86_64-unknown-linux-gnu")
[INFO] [stderr]   HOST = Some("x86_64-unknown-linux-gnu")
[INFO] [stderr]   CFLAGS_x86_64-unknown-linux-gnu = None
[INFO] [stderr]   CFLAGS_x86_64_unknown_linux_gnu = None
[INFO] [stderr]   HOST_CFLAGS = None
[INFO] [stderr]   CFLAGS = None
[INFO] [stderr]   running: "cc" "-O0" "-ffunction-sections" "-fdata-sections" "-g" "-m64" "-fPIC" "-o" "/opt/rustwide/target/debug/build/openssl-sys-extras-2a45a25bfe8a455f/out/src/openssl_shim.o" "-c" "src/openssl_shim.c"
[INFO] [stderr]   ExitStatus(ExitStatus(256))
[INFO] [stderr] 
[INFO] [stderr] 
[INFO] [stderr]   command did not execute successfully, got: exit status: 1
[INFO] [stderr] 
[INFO] [stderr] 
[INFO] [stderr] 
[INFO] [stderr]   --- stderr
[INFO] [stderr]   src/openssl_shim.c: In function 'DH_new_from_params':
[INFO] [stderr]   src/openssl_shim.c:128:7: error: dereferencing pointer to incomplete type 'DH' {aka 'struct dh_st'}
[INFO] [stderr]     128 |     dh->p = p;
[INFO] [stderr]         |       ^~
[INFO] [stderr]   src/openssl_shim.c: In function 'X509_get_extensions_shim':
[INFO] [stderr]   src/openssl_shim.c:139:13: error: dereferencing pointer to incomplete type 'X509' {aka 'struct x509_st'}
[INFO] [stderr]     139 |     return x->cert_info ? x->cert_info->extensions : NULL;
[INFO] [stderr]         |             ^~
[INFO] [stderr]   thread 'main' panicked at 'explicit panic', /opt/rustwide/cargo-home/registry/src/github.com-1ecc6299db9ec823/gcc-0.3.28/src/lib.rs:840:5
[INFO] [stderr]   stack backtrace:
[INFO] [stderr]      0:     0x55b5233a7840 - std::backtrace_rs::backtrace::libunwind::trace::hdcf4f90f85129e83
[INFO] [stderr]                                  at /rustc/ff34b919075f35a1787659e9c448a34b06bab8de/library/std/src/../../backtrace/src/backtrace/libunwind.rs:90:5
[INFO] [stderr]      1:     0x55b5233a7840 - std::backtrace_rs::backtrace::trace_unsynchronized::h2669e30cb82f6732
[INFO] [stderr]                                  at /rustc/ff34b919075f35a1787659e9c448a34b06bab8de/library/std/src/../../backtrace/src/backtrace/mod.rs:66:5
[INFO] [stderr]      2:     0x55b5233a7840 - std::sys_common::backtrace::_print_fmt::hfbda19e17f6db318
[INFO] [stderr]                                  at /rustc/ff34b919075f35a1787659e9c448a34b06bab8de/library/std/src/sys_common/backtrace.rs:67:5
[INFO] [stderr]      3:     0x55b5233a7840 - <std::sys_common::backtrace::_print::DisplayBacktrace as core::fmt::Display>::fmt::h1a8751bf59281272
[INFO] [stderr]                                  at /rustc/ff34b919075f35a1787659e9c448a34b06bab8de/library/std/src/sys_common/backtrace.rs:46:22
[INFO] [stderr]      4:     0x55b5233c6c7f - core::fmt::write::h7aa6cd0067dca82a
[INFO] [stderr]                                  at /rustc/ff34b919075f35a1787659e9c448a34b06bab8de/library/core/src/fmt/mod.rs:1094:17
[INFO] [stderr]      5:     0x55b5233a46f5 - std::io::Write::write_fmt::hd7dd3a1df9b6befb
[INFO] [stderr]                                  at /rustc/ff34b919075f35a1787659e9c448a34b06bab8de/library/std/src/io/mod.rs:1584:15
[INFO] [stderr]      6:     0x55b5233a96eb - std::sys_common::backtrace::_print::h551e9ec8a9fa8106
[INFO] [stderr]                                  at /rustc/ff34b919075f35a1787659e9c448a34b06bab8de/library/std/src/sys_common/backtrace.rs:49:5
[INFO] [stderr]      7:     0x55b5233a96eb - std::sys_common::backtrace::print::ha4b1c5e95fa040b3
[INFO] [stderr]                                  at /rustc/ff34b919075f35a1787659e9c448a34b06bab8de/library/std/src/sys_common/backtrace.rs:36:9
[INFO] [stderr]      8:     0x55b5233a96eb - std::panicking::default_hook::{{closure}}::h0b34c9ab7fb9f857
[INFO] [stderr]                                  at /rustc/ff34b919075f35a1787659e9c448a34b06bab8de/library/std/src/panicking.rs:208:50
[INFO] [stderr]      9:     0x55b5233a91cd - std::panicking::default_hook::h3067e8318decd17a
[INFO] [stderr]                                  at /rustc/ff34b919075f35a1787659e9c448a34b06bab8de/library/std/src/panicking.rs:225:9
[INFO] [stderr]     10:     0x55b5233a9c9d - std::panicking::rust_panic_with_hook::h81b8facc50f34daa
[INFO] [stderr]                                  at /rustc/ff34b919075f35a1787659e9c448a34b06bab8de/library/std/src/panicking.rs:591:17
[INFO] [stderr]     11:     0x55b52336eb43 - std::panicking::begin_panic::{{closure}}::h3788a429b132f722
[INFO] [stderr]                                  at /rustc/ff34b919075f35a1787659e9c448a34b06bab8de/library/std/src/panicking.rs:520:9
[INFO] [stderr]     12:     0x55b52337e639 - std::sys_common::backtrace::__rust_end_short_backtrace::h0368d8fdf191c373
[INFO] [stderr]                                  at /rustc/ff34b919075f35a1787659e9c448a34b06bab8de/library/std/src/sys_common/backtrace.rs:141:18
[INFO] [stderr]     13:     0x55b52336ea79 - std::panicking::begin_panic::h4e790efbaafa17bc
[INFO] [stderr]                                  at /rustc/ff34b919075f35a1787659e9c448a34b06bab8de/library/std/src/panicking.rs:519:12
[INFO] [stderr]     14:     0x55b52337e585 - gcc::fail::h04857524b6a8e115
[INFO] [stderr]                                  at /opt/rustwide/cargo-home/registry/src/github.com-1ecc6299db9ec823/gcc-0.3.28/src/lib.rs:840:5
[INFO] [stderr]     15:     0x55b52337e3f8 - gcc::run::h74c1e7a5578e6f51
[INFO] [stderr]                                  at /opt/rustwide/cargo-home/registry/src/github.com-1ecc6299db9ec823/gcc-0.3.28/src/lib.rs:834:9
[INFO] [stderr]     16:     0x55b52337672f - gcc::Config::compile_object::h108339c78298646f
[INFO] [stderr]                                  at /opt/rustwide/cargo-home/registry/src/github.com-1ecc6299db9ec823/gcc-0.3.28/src/lib.rs:375:9
[INFO] [stderr]     17:     0x55b523375725 - gcc::Config::compile::h385bfb2d0d846083
[INFO] [stderr]                                  at /opt/rustwide/cargo-home/registry/src/github.com-1ecc6299db9ec823/gcc-0.3.28/src/lib.rs:330:13
[INFO] [stderr]     18:     0x55b523368ce8 - build_script_build::main::h8ddb26bf1928ae8c
[INFO] [stderr]                                  at /opt/rustwide/cargo-home/registry/src/github.com-1ecc6299db9ec823/openssl-sys-extras-0.7.13/build.rs:19:5
[INFO] [stderr]     19:     0x55b52336a9bb - core::ops::function::FnOnce::call_once::h08505ff81cc1d5b6
[INFO] [stderr]                                  at /rustc/ff34b919075f35a1787659e9c448a34b06bab8de/library/core/src/ops/function.rs:227:5
[INFO] [stderr]     20:     0x55b52336a5ae - std::sys_common::backtrace::__rust_begin_short_backtrace::h327ba270e237cd25
[INFO] [stderr]                                  at /rustc/ff34b919075f35a1787659e9c448a34b06bab8de/library/std/src/sys_common/backtrace.rs:125:18
[INFO] [stderr]     21:     0x55b52336ab51 - std::rt::lang_start::{{closure}}::he5729447abcdfd17
[INFO] [stderr]                                  at /rustc/ff34b919075f35a1787659e9c448a34b06bab8de/library/std/src/rt.rs:49:18
[INFO] [stderr]     22:     0x55b5233aa09a - core::ops::function::impls::<impl core::ops::function::FnOnce<A> for &F>::call_once::h3b8c329143d7638a
[INFO] [stderr]                                  at /rustc/ff34b919075f35a1787659e9c448a34b06bab8de/library/core/src/ops/function.rs:259:13
[INFO] [stderr]     23:     0x55b5233aa09a - std::panicking::try::do_call::h4b72c261b4eefc1b
[INFO] [stderr]                                  at /rustc/ff34b919075f35a1787659e9c448a34b06bab8de/library/std/src/panicking.rs:379:40
[INFO] [stderr]     24:     0x55b5233aa09a - std::panicking::try::h703d31b7896cbd49
[INFO] [stderr]                                  at /rustc/ff34b919075f35a1787659e9c448a34b06bab8de/library/std/src/panicking.rs:343:19
[INFO] [stderr]     25:     0x55b5233aa09a - std::panic::catch_unwind::h37cad9b35388a915
[INFO] [stderr]                                  at /rustc/ff34b919075f35a1787659e9c448a34b06bab8de/library/std/src/panic.rs:431:14
[INFO] [stderr]     26:     0x55b5233aa09a - std::rt::lang_start_internal::hab5a8a909af4f90e
[INFO] [stderr]                                  at /rustc/ff34b919075f35a1787659e9c448a34b06bab8de/library/std/src/rt.rs:34:21
[INFO] [stderr]     27:     0x55b52336ab30 - std::rt::lang_start::ha31d5ac2594dd789
[INFO] [stderr]                                  at /rustc/ff34b919075f35a1787659e9c448a34b06bab8de/library/std/src/rt.rs:48:5
[INFO] [stderr]     28:     0x55b523369fcc - main
[INFO] [stderr]     29:     0x7f5ce85220b3 - __libc_start_main
[INFO] [stderr]     30:     0x55b52336898e - _start
[INFO] [stderr]     31:                0x0 - <unknown>
[INFO] [stderr] warning: build failed, waiting for other jobs to finish...
[INFO] [stdout] error: aborting due to previous error
[INFO] [stdout] 
[INFO] [stdout] 
[INFO] [stdout] For more information about this error, try `rustc --explain E0642`.
[INFO] [stdout] 
[INFO] [stderr] error: build failed
[INFO] running `Command { std: "docker" "inspect" "8434dea4836cc072ff97345c65fead1831a33775d2018102f9af2fa2335f4af4", kill_on_drop: false }`
[INFO] running `Command { std: "docker" "rm" "-f" "8434dea4836cc072ff97345c65fead1831a33775d2018102f9af2fa2335f4af4", kill_on_drop: false }`
[INFO] [stdout] 8434dea4836cc072ff97345c65fead1831a33775d2018102f9af2fa2335f4af4
